{"id":27,"date":"2015-12-07T17:57:22","date_gmt":"2015-12-07T16:57:22","guid":{"rendered":"http:\/\/osteo-emelinegarcia.fr\/?page_id=27"},"modified":"2017-04-10T11:51:42","modified_gmt":"2017-04-10T10:51:42","slug":"presentation-osteopathie-osteopathe-therapeutique","status":"publish","type":"page","link":"https:\/\/osteo-emelinegarcia.fr\/","title":{"rendered":"Pr\u00e9sentation"},"content":{"rendered":"<p style=\"text-align: justify;\"><strong>Qu&rsquo;est ce que l&rsquo;ost\u00e9opathie?<\/strong><\/p>\n<p style=\"text-align: justify;\">C&rsquo;est une th\u00e9rapie manuelle visant \u00e0 rep\u00e9rer et traiter les pertes de mobilit\u00e9s qui provoquent un d\u00e9s\u00e9quilibre de l&rsquo;\u00e9tat de sant\u00e9. L&rsquo;ost\u00e9opathe s&rsquo;occupe de toutes les structures du corps dans sa globalit\u00e9. En enlevant les restrictions tissulaires, il aide ainsi le patient \u00e0 s&rsquo;auto-\u00e9quilibrer.<\/p>\n<p style=\"text-align: justify;\"><strong>Emeline Martin Garcia, votre ost\u00e9opathe D.O \u00a0 \u00a0 \u00a0 \u00a0 \u00a0 \u00a0 \u00a0 \u00a0 \u00a0 \u00a0 \u00a0 \u00a0 \u00a0 \u00a0 \u00a0 \u00a0 \u00a0 \u00a0 \u00a0 \u00a0<\/strong><\/p>\n<p style=\"text-align: justify;\"><strong><a href=\"http:\/\/osteo-emelinegarcia.fr\/wp-content\/uploads\/2015\/12\/Portraits-Emeline-Martin-Garcia-Photos-C\u00e9cile-Muzard-2.jpg\"><img decoding=\"async\" loading=\"lazy\" class=\"alignnone size-medium wp-image-182\" src=\"http:\/\/osteo-emelinegarcia.fr\/wp-content\/uploads\/2015\/12\/Portraits-Emeline-Martin-Garcia-Photos-C\u00e9cile-Muzard-2-300x200.jpg\" alt=\"\" width=\"300\" height=\"200\" srcset=\"https:\/\/osteo-emelinegarcia.fr\/wp-content\/uploads\/2015\/12\/Portraits-Emeline-Martin-Garcia-Photos-C\u00e9cile-Muzard-2-300x200.jpg 300w, https:\/\/osteo-emelinegarcia.fr\/wp-content\/uploads\/2015\/12\/Portraits-Emeline-Martin-Garcia-Photos-C\u00e9cile-Muzard-2-768x512.jpg 768w, https:\/\/osteo-emelinegarcia.fr\/wp-content\/uploads\/2015\/12\/Portraits-Emeline-Martin-Garcia-Photos-C\u00e9cile-Muzard-2-1024x683.jpg 1024w, https:\/\/osteo-emelinegarcia.fr\/wp-content\/uploads\/2015\/12\/Portraits-Emeline-Martin-Garcia-Photos-C\u00e9cile-Muzard-2-900x600.jpg 900w, https:\/\/osteo-emelinegarcia.fr\/wp-content\/uploads\/2015\/12\/Portraits-Emeline-Martin-Garcia-Photos-C\u00e9cile-Muzard-2-1280x853.jpg 1280w\" sizes=\"(max-width: 300px) 100vw, 300px\" \/><\/a><\/strong><\/p>\n<p style=\"text-align: justify;\">Emeline Martin Garcia est dipl\u00f4m\u00e9e d&rsquo;ost\u00e9opathie du<strong>\u00a0Coll\u00e8ge Ost\u00e9opathique Europ\u00e9en<\/strong> (COE, coll\u00e8ge Holist\u00e9a), \u00e9cole agr\u00e9e en cinq ans. Elle y a obtenu \u00e9galement un <span style=\"text-decoration: underline;\">master en m\u00e9decine ost\u00e9opathique<\/span> ainsi qu&rsquo;une <span style=\"text-decoration: underline;\">Attestation de Formation\u00a0aux Gestes et Soins d&rsquo;Urgences<\/span> de niveau 2 (h\u00f4pital de Pontoise).<\/p>\n<p style=\"text-align: justify;\">Des stages en milieux <strong>hospitaliers<\/strong>, notamment en unit\u00e9 de soins palliatifs (USP) de Pontoise, en milieux <strong>sportifs<\/strong> (comp\u00e9titions de VTT&#8230;) ou <strong>professionnels<\/strong> (semaine de la qualit\u00e9 de vie au travail&#8230;), lui ont permis de\u00a0diversifier ses exp\u00e9riences en ost\u00e9opathie avec de nombreux patients. Au cours de la derni\u00e8re ann\u00e9e d&rsquo;\u00e9tudes, elle a pu r\u00e9aliser plus de 330 consultations d&rsquo;ost\u00e9opathie au sein de la clinique, prenant en charge des patients <span style=\"text-decoration: underline;\">du nouveau-n\u00e9 \u00e0 la personne \u00e2g\u00e9e<\/span>. De plus, elle a pu suivre des <span style=\"text-decoration: underline;\">\u00e9l\u00e8ves\u00a0du Centre de Formation de Danse<\/span> (CFD) de Cergy, en voie de professionnalisation.<\/p>\n<p style=\"text-align: justify;\">Afin de\u00a0compl\u00e9ter\u00a0son cursus, elle a r\u00e9alis\u00e9 une formation post-grade en <strong>p\u00e9rinatalit\u00e9<\/strong> afin de prendre en charge les<strong> femmes enceintes<\/strong> et <strong>nourrissons<\/strong> en toute s\u00e9curit\u00e9.<\/p>\n<p style=\"text-align: justify;\">De plus, elle a obtenu, en parall\u00e8le du dipl\u00f4me d&rsquo;ost\u00e9opathie, un <strong>Dipl\u00f4me Universitaire d&rsquo;Urgences et Soins de Terrain en Milieu Sportif<\/strong> (Bordeaux) afin de pouvoir prendre en charge plus efficacement les blessures des sportifs (straps, K-tape..)<\/p>\n<p style=\"text-align: justify;\"><strong>Les outils th\u00e9rapeutiques<\/strong><\/p>\n<p style=\"text-align: justify;\">Emeline Martin Garcia utilise des techniques douces d&rsquo;ost\u00e9opathie tissulaires, visc\u00e9rales, cr\u00e2niennes, myotensives et structurelles selon les besoins. Les traitements sont adapt\u00e9s \u00e0 chacun, toujours dans le respect des tissus.<\/p>\n","protected":false},"excerpt":{"rendered":"<p>Qu&rsquo;est ce que l&rsquo;ost\u00e9opathie? C&rsquo;est une th\u00e9rapie manuelle visant \u00e0 rep\u00e9rer et traiter les pertes de mobilit\u00e9s qui provoquent un d\u00e9s\u00e9quilibre de l&rsquo;\u00e9tat de sant\u00e9. L&rsquo;ost\u00e9opathe s&rsquo;occupe de toutes les structures du corps dans sa globalit\u00e9. En enlevant les restrictions tissulaires, il aide ainsi le patient \u00e0 s&rsquo;auto-\u00e9quilibrer. Emeline Martin Garcia, votre ost\u00e9opathe D.O \u00a0 [&hellip;]<\/p>\n","protected":false},"author":1,"featured_media":0,"parent":0,"menu_order":0,"comment_status":"closed","ping_status":"closed","template":"","meta":[],"yoast_head":"<!-- This site is optimized with the Yoast SEO plugin v17.0 - https:\/\/yoast.com\/wordpress\/plugins\/seo\/ -->\n<title>Pr\u00e9sentation - Emeline Martin Garcia Ost\u00e9opathe DO<\/title>\n<meta name=\"robots\" content=\"index, follow, max-snippet:-1, max-image-preview:large, max-video-preview:-1\" \/>\n<link rel=\"canonical\" href=\"https:\/\/osteo-emelinegarcia.fr\/\" \/>\n<meta property=\"og:locale\" content=\"fr_FR\" \/>\n<meta property=\"og:type\" content=\"article\" \/>\n<meta property=\"og:title\" content=\"Pr\u00e9sentation - Emeline Martin Garcia Ost\u00e9opathe DO\" \/>\n<meta property=\"og:description\" content=\"Qu&rsquo;est ce que l&rsquo;ost\u00e9opathie? C&rsquo;est une th\u00e9rapie manuelle visant \u00e0 rep\u00e9rer et traiter les pertes de mobilit\u00e9s qui provoquent un d\u00e9s\u00e9quilibre de l&rsquo;\u00e9tat de sant\u00e9. L&rsquo;ost\u00e9opathe s&rsquo;occupe de toutes les structures du corps dans sa globalit\u00e9. En enlevant les restrictions tissulaires, il aide ainsi le patient \u00e0 s&rsquo;auto-\u00e9quilibrer. Emeline Martin Garcia, votre ost\u00e9opathe D.O \u00a0 [&hellip;]\" \/>\n<meta property=\"og:url\" content=\"https:\/\/osteo-emelinegarcia.fr\/\" \/>\n<meta property=\"og:site_name\" content=\"Emeline Martin Garcia Ost\u00e9opathe DO\" \/>\n<meta property=\"article:modified_time\" content=\"2017-04-10T10:51:42+00:00\" \/>\n<meta property=\"og:image\" content=\"http:\/\/osteo-emelinegarcia.fr\/wp-content\/uploads\/2015\/12\/Portraits-Emeline-Martin-Garcia-Photos-C\u00e9cile-Muzard-2-300x200.jpg\" \/>\n<meta name=\"twitter:card\" content=\"summary\" \/>\n<meta name=\"twitter:label1\" content=\"Dur\u00e9e de lecture est.\" \/>\n\t<meta name=\"twitter:data1\" content=\"2 minutes\" \/>\n<script type=\"application\/ld+json\" class=\"yoast-schema-graph\">{\"@context\":\"https:\/\/schema.org\",\"@graph\":[{\"@type\":\"WebSite\",\"@id\":\"https:\/\/osteo-emelinegarcia.fr\/#website\",\"url\":\"https:\/\/osteo-emelinegarcia.fr\/\",\"name\":\"Emeline Martin Garcia Ost\\u00e9opathe DO\",\"description\":\"\",\"potentialAction\":[{\"@type\":\"SearchAction\",\"target\":{\"@type\":\"EntryPoint\",\"urlTemplate\":\"https:\/\/osteo-emelinegarcia.fr\/?s={search_term_string}\"},\"query-input\":\"required name=search_term_string\"}],\"inLanguage\":\"fr-FR\"},{\"@type\":\"ImageObject\",\"@id\":\"https:\/\/osteo-emelinegarcia.fr\/#primaryimage\",\"inLanguage\":\"fr-FR\",\"url\":\"http:\/\/osteo-emelinegarcia.fr\/wp-content\/uploads\/2015\/12\/Portraits-Emeline-Martin-Garcia-Photos-C\\u00e9cile-Muzard-2-300x200.jpg\",\"contentUrl\":\"http:\/\/osteo-emelinegarcia.fr\/wp-content\/uploads\/2015\/12\/Portraits-Emeline-Martin-Garcia-Photos-C\\u00e9cile-Muzard-2-300x200.jpg\"},{\"@type\":\"WebPage\",\"@id\":\"https:\/\/osteo-emelinegarcia.fr\/#webpage\",\"url\":\"https:\/\/osteo-emelinegarcia.fr\/\",\"name\":\"Pr\\u00e9sentation - Emeline Martin Garcia Ost\\u00e9opathe DO\",\"isPartOf\":{\"@id\":\"https:\/\/osteo-emelinegarcia.fr\/#website\"},\"primaryImageOfPage\":{\"@id\":\"https:\/\/osteo-emelinegarcia.fr\/#primaryimage\"},\"datePublished\":\"2015-12-07T16:57:22+00:00\",\"dateModified\":\"2017-04-10T10:51:42+00:00\",\"breadcrumb\":{\"@id\":\"https:\/\/osteo-emelinegarcia.fr\/#breadcrumb\"},\"inLanguage\":\"fr-FR\",\"potentialAction\":[{\"@type\":\"ReadAction\",\"target\":[\"https:\/\/osteo-emelinegarcia.fr\/\"]}]},{\"@type\":\"BreadcrumbList\",\"@id\":\"https:\/\/osteo-emelinegarcia.fr\/#breadcrumb\",\"itemListElement\":[{\"@type\":\"ListItem\",\"position\":1,\"name\":\"Accueil\",\"item\":\"https:\/\/osteo-emelinegarcia.fr\/\"},{\"@type\":\"ListItem\",\"position\":2,\"name\":\"Pr\\u00e9sentation\"}]}]}<\/script>\n<!-- \/ Yoast SEO plugin. -->","yoast_head_json":{"title":"Pr\u00e9sentation - Emeline Martin Garcia Ost\u00e9opathe DO","robots":{"index":"index","follow":"follow","max-snippet":"max-snippet:-1","max-image-preview":"max-image-preview:large","max-video-preview":"max-video-preview:-1"},"canonical":"https:\/\/osteo-emelinegarcia.fr\/","og_locale":"fr_FR","og_type":"article","og_title":"Pr\u00e9sentation - Emeline Martin Garcia Ost\u00e9opathe DO","og_description":"Qu&rsquo;est ce que l&rsquo;ost\u00e9opathie? C&rsquo;est une th\u00e9rapie manuelle visant \u00e0 rep\u00e9rer et traiter les pertes de mobilit\u00e9s qui provoquent un d\u00e9s\u00e9quilibre de l&rsquo;\u00e9tat de sant\u00e9. L&rsquo;ost\u00e9opathe s&rsquo;occupe de toutes les structures du corps dans sa globalit\u00e9. En enlevant les restrictions tissulaires, il aide ainsi le patient \u00e0 s&rsquo;auto-\u00e9quilibrer. Emeline Martin Garcia, votre ost\u00e9opathe D.O \u00a0 [&hellip;]","og_url":"https:\/\/osteo-emelinegarcia.fr\/","og_site_name":"Emeline Martin Garcia Ost\u00e9opathe DO","article_modified_time":"2017-04-10T10:51:42+00:00","og_image":[{"url":"http:\/\/osteo-emelinegarcia.fr\/wp-content\/uploads\/2015\/12\/Portraits-Emeline-Martin-Garcia-Photos-C\u00e9cile-Muzard-2-300x200.jpg"}],"twitter_card":"summary","twitter_misc":{"Dur\u00e9e de lecture est.":"2 minutes"},"schema":{"@context":"https:\/\/schema.org","@graph":[{"@type":"WebSite","@id":"https:\/\/osteo-emelinegarcia.fr\/#website","url":"https:\/\/osteo-emelinegarcia.fr\/","name":"Emeline Martin Garcia Ost\u00e9opathe DO","description":"","potentialAction":[{"@type":"SearchAction","target":{"@type":"EntryPoint","urlTemplate":"https:\/\/osteo-emelinegarcia.fr\/?s={search_term_string}"},"query-input":"required name=search_term_string"}],"inLanguage":"fr-FR"},{"@type":"ImageObject","@id":"https:\/\/osteo-emelinegarcia.fr\/#primaryimage","inLanguage":"fr-FR","url":"http:\/\/osteo-emelinegarcia.fr\/wp-content\/uploads\/2015\/12\/Portraits-Emeline-Martin-Garcia-Photos-C\u00e9cile-Muzard-2-300x200.jpg","contentUrl":"http:\/\/osteo-emelinegarcia.fr\/wp-content\/uploads\/2015\/12\/Portraits-Emeline-Martin-Garcia-Photos-C\u00e9cile-Muzard-2-300x200.jpg"},{"@type":"WebPage","@id":"https:\/\/osteo-emelinegarcia.fr\/#webpage","url":"https:\/\/osteo-emelinegarcia.fr\/","name":"Pr\u00e9sentation - Emeline Martin Garcia Ost\u00e9opathe DO","isPartOf":{"@id":"https:\/\/osteo-emelinegarcia.fr\/#website"},"primaryImageOfPage":{"@id":"https:\/\/osteo-emelinegarcia.fr\/#primaryimage"},"datePublished":"2015-12-07T16:57:22+00:00","dateModified":"2017-04-10T10:51:42+00:00","breadcrumb":{"@id":"https:\/\/osteo-emelinegarcia.fr\/#breadcrumb"},"inLanguage":"fr-FR","potentialAction":[{"@type":"ReadAction","target":["https:\/\/osteo-emelinegarcia.fr\/"]}]},{"@type":"BreadcrumbList","@id":"https:\/\/osteo-emelinegarcia.fr\/#breadcrumb","itemListElement":[{"@type":"ListItem","position":1,"name":"Accueil","item":"https:\/\/osteo-emelinegarcia.fr\/"},{"@type":"ListItem","position":2,"name":"Pr\u00e9sentation"}]}]}},"_links":{"self":[{"href":"https:\/\/osteo-emelinegarcia.fr\/index.php\/wp-json\/wp\/v2\/pages\/27"}],"collection":[{"href":"https:\/\/osteo-emelinegarcia.fr\/index.php\/wp-json\/wp\/v2\/pages"}],"about":[{"href":"https:\/\/osteo-emelinegarcia.fr\/index.php\/wp-json\/wp\/v2\/types\/page"}],"author":[{"embeddable":true,"href":"https:\/\/osteo-emelinegarcia.fr\/index.php\/wp-json\/wp\/v2\/users\/1"}],"replies":[{"embeddable":true,"href":"https:\/\/osteo-emelinegarcia.fr\/index.php\/wp-json\/wp\/v2\/comments?post=27"}],"version-history":[{"count":8,"href":"https:\/\/osteo-emelinegarcia.fr\/index.php\/wp-json\/wp\/v2\/pages\/27\/revisions"}],"predecessor-version":[{"id":184,"href":"https:\/\/osteo-emelinegarcia.fr\/index.php\/wp-json\/wp\/v2\/pages\/27\/revisions\/184"}],"wp:attachment":[{"href":"https:\/\/osteo-emelinegarcia.fr\/index.php\/wp-json\/wp\/v2\/media?parent=27"}],"curies":[{"name":"wp","href":"https:\/\/api.w.org\/{rel}","templated":true}]}}

Présentation

<p style="text-align: justify;"><strong>Qu&rsquo;est ce que l&rsquo;ostéopathie?</strong></p>
<p style="text-align: justify;">C&rsquo;est une thérapie manuelle visant à repérer et traiter les pertes de mobilités qui provoquent un déséquilibre de l&rsquo;état de santé. L&rsquo;ostéopathe s&rsquo;occupe de toutes les structures du corps dans sa globalité. En enlevant les restrictions tissulaires, il aide ainsi le patient à s&rsquo;auto-équilibrer.</p>
<p style="text-align: justify;"><strong>Emeline Martin Garcia, votre ostéopathe D.O                                        </strong></p>
<p style="text-align: justify;"><strong><a href="http://osteo-emelinegarcia.fr/wp-content/uploads/2015/12/Portraits-Emeline-Martin-Garcia-Photos-Cécile-Muzard-2.jpg"><img decoding="async" loading="lazy" class="alignnone size-medium wp-image-182" src="http://osteo-emelinegarcia.fr/wp-content/uploads/2015/12/Portraits-Emeline-Martin-Garcia-Photos-Cécile-Muzard-2-300x200.jpg" alt="" width="300" height="200" srcset="https://osteo-emelinegarcia.fr/wp-content/uploads/2015/12/Portraits-Emeline-Martin-Garcia-Photos-Cécile-Muzard-2-300x200.jpg 300w, https://osteo-emelinegarcia.fr/wp-content/uploads/2015/12/Portraits-Emeline-Martin-Garcia-Photos-Cécile-Muzard-2-768x512.jpg 768w, https://osteo-emelinegarcia.fr/wp-content/uploads/2015/12/Portraits-Emeline-Martin-Garcia-Photos-Cécile-Muzard-2-1024x683.jpg 1024w, https://osteo-emelinegarcia.fr/wp-content/uploads/2015/12/Portraits-Emeline-Martin-Garcia-Photos-Cécile-Muzard-2-900x600.jpg 900w, https://osteo-emelinegarcia.fr/wp-content/uploads/2015/12/Portraits-Emeline-Martin-Garcia-Photos-Cécile-Muzard-2-1280x853.jpg 1280w" sizes="(max-width: 300px) 100vw, 300px" /></a></strong></p>
<p style="text-align: justify;">Emeline Martin Garcia est diplômée d&rsquo;ostéopathie du<strong> Collège Ostéopathique Européen</strong> (COE, collège Holistéa), école agrée en cinq ans. Elle y a obtenu également un <span style="text-decoration: underline;">master en médecine ostéopathique</span> ainsi qu&rsquo;une <span style="text-decoration: underline;">Attestation de Formation aux Gestes et Soins d&rsquo;Urgences</span> de niveau 2 (hôpital de Pontoise).</p>
<p style="text-align: justify;">Des stages en milieux <strong>hospitaliers</strong>, notamment en unité de soins palliatifs (USP) de Pontoise, en milieux <strong>sportifs</strong> (compétitions de VTT&#8230;) ou <strong>professionnels</strong> (semaine de la qualité de vie au travail&#8230;), lui ont permis de diversifier ses expériences en ostéopathie avec de nombreux patients. Au cours de la dernière année d&rsquo;études, elle a pu réaliser plus de 330 consultations d&rsquo;ostéopathie au sein de la clinique, prenant en charge des patients <span style="text-decoration: underline;">du nouveau-né à la personne âgée</span>. De plus, elle a pu suivre des <span style="text-decoration: underline;">élèves du Centre de Formation de Danse</span> (CFD) de Cergy, en voie de professionnalisation.</p>
<p style="text-align: justify;">Afin de compléter son cursus, elle a réalisé une formation post-grade en <strong>périnatalité</strong> afin de prendre en charge les<strong> femmes enceintes</strong> et <strong>nourrissons</strong> en toute sécurité.</p>
<p style="text-align: justify;">De plus, elle a obtenu, en parallèle du diplôme d&rsquo;ostéopathie, un <strong>Diplôme Universitaire d&rsquo;Urgences et Soins de Terrain en Milieu Sportif</strong> (Bordeaux) afin de pouvoir prendre en charge plus efficacement les blessures des sportifs (straps, K-tape..)</p>
<p style="text-align: justify;"><strong>Les outils thérapeutiques</strong></p>
<p style="text-align: justify;">Emeline Martin Garcia utilise des techniques douces d&rsquo;ostéopathie tissulaires, viscérales, crâniennes, myotensives et structurelles selon les besoins. Les traitements sont adaptés à chacun, toujours dans le respect des tissus.</p>

<p>Qu&rsquo;est ce que l&rsquo;ostéopathie? C&rsquo;est une thérapie manuelle visant à repérer et traiter les pertes de mobilités qui provoquent un déséquilibre de l&rsquo;état de santé. L&rsquo;ostéopathe s&rsquo;occupe de toutes les structures du corps dans sa globalité. En enlevant les restrictions tissulaires, il aide ainsi le patient à s&rsquo;auto-équilibrer. Emeline Martin Garcia, votre ostéopathe D.O   [&hellip;]</p>

<!-- This site is optimized with the Yoast SEO plugin v17.0 - https://yoast.com/wordpress/plugins/seo/ -->
<title>Présentation - Emeline Martin Garcia Ostéopathe DO</title>
<meta name="robots" content="index, follow, max-snippet:-1, max-image-preview:large, max-video-preview:-1" />
<link rel="canonical" href="https://osteo-emelinegarcia.fr/" />
<meta property="og:locale" content="fr_FR" />
<meta property="og:type" content="article" />
<meta property="og:title" content="Présentation - Emeline Martin Garcia Ostéopathe DO" />
<meta property="og:description" content="Qu&rsquo;est ce que l&rsquo;ostéopathie? C&rsquo;est une thérapie manuelle visant à repérer et traiter les pertes de mobilités qui provoquent un déséquilibre de l&rsquo;état de santé. L&rsquo;ostéopathe s&rsquo;occupe de toutes les structures du corps dans sa globalité. En enlevant les restrictions tissulaires, il aide ainsi le patient à s&rsquo;auto-équilibrer. Emeline Martin Garcia, votre ostéopathe D.O   [&hellip;]" />
<meta property="og:url" content="https://osteo-emelinegarcia.fr/" />
<meta property="og:site_name" content="Emeline Martin Garcia Ostéopathe DO" />
<meta property="article:modified_time" content="2017-04-10T10:51:42+00:00" />
<meta property="og:image" content="http://osteo-emelinegarcia.fr/wp-content/uploads/2015/12/Portraits-Emeline-Martin-Garcia-Photos-Cécile-Muzard-2-300x200.jpg" />
<meta name="twitter:card" content="summary" />
<meta name="twitter:label1" content="Durée de lecture est." />
	<meta name="twitter:data1" content="2 minutes" />
<script type="application/ld+json" class="yoast-schema-graph">{"@context":"https://schema.org","@graph":[{"@type":"WebSite","@id":"https://osteo-emelinegarcia.fr/#website","url":"https://osteo-emelinegarcia.fr/","name":"Emeline Martin Garcia Ost\u00e9opathe DO","description":"","potentialAction":[{"@type":"SearchAction","target":{"@type":"EntryPoint","urlTemplate":"https://osteo-emelinegarcia.fr/?s={search_term_string}"},"query-input":"required name=search_term_string"}],"inLanguage":"fr-FR"},{"@type":"ImageObject","@id":"https://osteo-emelinegarcia.fr/#primaryimage","inLanguage":"fr-FR","url":"http://osteo-emelinegarcia.fr/wp-content/uploads/2015/12/Portraits-Emeline-Martin-Garcia-Photos-C\u00e9cile-Muzard-2-300x200.jpg","contentUrl":"http://osteo-emelinegarcia.fr/wp-content/uploads/2015/12/Portraits-Emeline-Martin-Garcia-Photos-C\u00e9cile-Muzard-2-300x200.jpg"},{"@type":"WebPage","@id":"https://osteo-emelinegarcia.fr/#webpage","url":"https://osteo-emelinegarcia.fr/","name":"Pr\u00e9sentation - Emeline Martin Garcia Ost\u00e9opathe DO","isPartOf":{"@id":"https://osteo-emelinegarcia.fr/#website"},"primaryImageOfPage":{"@id":"https://osteo-emelinegarcia.fr/#primaryimage"},"datePublished":"2015-12-07T16:57:22+00:00","dateModified":"2017-04-10T10:51:42+00:00","breadcrumb":{"@id":"https://osteo-emelinegarcia.fr/#breadcrumb"},"inLanguage":"fr-FR","potentialAction":[{"@type":"ReadAction","target":["https://osteo-emelinegarcia.fr/"]}]},{"@type":"BreadcrumbList","@id":"https://osteo-emelinegarcia.fr/#breadcrumb","itemListElement":[{"@type":"ListItem","position":1,"name":"Accueil","item":"https://osteo-emelinegarcia.fr/"},{"@type":"ListItem","position":2,"name":"Pr\u00e9sentation"}]}]}</script>
<!-- / Yoast SEO plugin. -->

Présentation - Emeline Martin Garcia Ostéopathe DO

Qu&rsquo;est ce que l&rsquo;ostéopathie? C&rsquo;est une thérapie manuelle visant à repérer et traiter les pertes de mobilités qui provoquent un déséquilibre de l&rsquo;état de santé. L&rsquo;ostéopathe s&rsquo;occupe de toutes les structures du corps dans sa globalité. En enlevant les restrictions tissulaires, il aide ainsi le patient à s&rsquo;auto-équilibrer. Emeline Martin Garcia, votre ostéopathe D.O   [&hellip;]

Emeline Martin Garcia Ostéopathe DO

http://osteo-emelinegarcia.fr/wp-content/uploads/2015/12/Portraits-Emeline-Martin-Garcia-Photos-Cécile-Muzard-2-300x200.jpg
